ase 5) in base 9?
-160363
2d461 (base 15) to base 9
242381
1000111100011111010 (base 2) to base 13
a3553
What is -2756476 (base 8) in base 5?
-144340114
What is -1122200021000 (base 3) in base 16?
-d6b03
-332314224 (base 5) to base 16
-161880
-3165533 (base 7) to base 12
-167568
Convert 1000001001110110100001 (base 2) to base 10.
2137505
Convert 3a39a2 (base 12) to base 16.
ea7ca
2a7b (base 16) to base 10
10875
What is -11613534 (base 7) in base 6?
-34225210
What is -75167 (base 10) in base 16?
-1259f
Convert 11110010000011010 (base 2) to base 6.
2353430
Convert -556183 (base 11) to base 5.
-211333113
What is -1556b25 (base 13) in base 15?
-90201b
What is 11bada (base 16) in base 3?
2012000220001
Convert 2787535 (base 9) to base 2.
101110110100100101101
What is 176016 (base 9) in base 2?
11010101100110101
Convert 98a11 (base 15) to base 14.
c89d1
What is -f963 (base 16) in base 6?
-1211323
What is 6703415 (base 9) in base 16?
370022
Convert 323331111 (base 4) to base 7.
2042001
-32101311023 (base 4) to base 2
-1110010001110101001011
Convert 3132002011 (base 4) to base 3.
1201012112011
What is -1026616 (base 12) in base 14?
-591586
Convert 15404412 (base 6) to base 16.
85238
1277403 (base 8) to base 10
360195
Convert 24525b (base 13) to base 12.
35a545
What is 274fb (base 16) in base 8?
472373
Convert 1444430 (base 5) to base 3.
1120212001
7b0949 (base 12) to base 14
394573
What is 32915 (base 16) in base 15?
41585
Convert -34123032 (base 6) to base 4.
-3331102130
What is 393747 (base 11) in base 7?
5161015
What is 1110010001000101100010 (base 2) in base 4?
32101011202
-1b26242 (base 12) to base 10
-5775314
What is 5027222 (base 9) in base 16?
28d39c
68b5a (base 15) to base 11
20846a
-341b5 (base 12) to base 7
-406223
What is -212113223 (base 5) in base 3?
-1200110110020
Convert 22100122210 (base 3) to base 10.
164505
Convert -123111100230 (base 4) to base 15.
-967e4c
-10120002001100 (base 3) to base 2
-111001101101011110110
230024425 (base 6) to base 4
100002002201
-2103012032 (base 4) to base 10
-602510
What is 2102332140 (base 5) in base 9?
8143815
Convert -534ba5 (base 14) to base 9.
-5264066
-178987 (base 10) to base 15
-38077
-13112220231 (base 4) to base 13
-526587
2b3dd1 (base 14) to base 11
940969
Convert -3386b (base 12) to base 2.
-10000110000010011
What is c5ba (base 13) in base 14?
9d86
Convert 5e33f (base 16) to base 14.
a0891
Convert 74611 (base 12) to base 9.
252714
-1244616 (base 10) to base 7
-13402422
Convert -120030101111 (base 4) to base 7.
-104621654
What is 2027178 (base 9) in base 14?
20208b
What is 1342870 (base 9) in base 16?
b3ee9
Convert -314410441 (base 5) to base 10.
-1325746
Convert -4c736 (base 15) to base 14.
-65214
Convert -100100011001000101000101 (base 2) to base 10.
-9539909
-325306 (base 7) to base 3
-2220022111
Convert 582249 (base 11) to base 7.
10602533
-666516 (base 8) to base 12
-a9b7a
Convert -77225 (base 9) to base 11.
-3552a
Convert 8b28 (base 13) to base 5.
1110334
-791c (base 14) to base 7
-115135
Convert 4486711 (base 10) to base 13.
c11278
Convert -12344330431 (base 5) to base 12.
-5125884
-201013133302 (base 4) to base 11
-499a565
What is 451b23 (base 12) in base 14?
209a31
What is 61154 (base 11) in base 16?
15d0d
Convert 1011101110100000 (base 2) to base 9.
72788
5f28b (base 16) to base 2
1011111001010001011
-8024 (base 12) to base 14
-5096
Convert 240603 (base 8) to base 11.
56925
What is 549210 (base 12) in base 16?
147dec
Convert -1605314 (base 12) to base 14.
-84b840
Convert -221012200 (base 4) to base 11.
-105538
What is 514151 (base 7) in base 3?
11110120022
Convert 113312311320 (base 4) to base 3.
102202201210120
24314704 (base 8) to base 3
101001200202221
What is 10053446 (base 7) in base 15?
117e22
-33002140 (base 5) to base 4
-1010233021
240114 (base 7) to base 15
cc53
Convert 41202134 (base 5) to base 13.
b943a
What is -1430202 (base 6) in base 4?
-103330322
What is a2797 (base 13) in base 14?
7823d
-10dce1 (base 15) to base 11
-500754
Convert -69621 (base 10) to base 2.
-10000111111110101
873a1 (base 11) to base 2
11110111111000111
What is 2114203012 (base 5) in base 4?
100330333210
42521405 (base 6) to base 11
787902
Convert 25d29c (base 15) to base 13.
4b7980
Convert -252094 (base 13) to base 7.
-10364323
19a048 (base 13) to base 5
131302442
-13028521 (base 9) to base 15
-86549a
What is -1441403 (base 6) in base 4?
-110111223
-138a4 (base 13) to base 14
-d4d0
Convert 10100101101000011 (base 2) to base 14.
22c95
Convert -1102326 (base 7) to base 13.
-49785
What is -240103000 (base 5) in base 8?
-4137042
What is -318232 (base 11) in base 9?
-854743
Convert -52575 (base 12) to base 13.
-3a196
What is 5032645 (base 8) in base 2?
101000011010110100101
Convert -231774 (base 8) to base 10.
-78844
-22c46f (base 16) to base 5
-1040403021
What is -1bb7c6 (base 14) in base 9?
-1771846
1c8341 (base 13) to base 11
4600a1
-1100110001100100001 (base 2) to base 10
-418593
-107612 (base 13) to base 12
-168445
What is 2155104 (base 6) in base 12?
52a94
Convert 2426 (base 7) to base 6.
4102
Convert -3313613 (base 9) to base 11.
-1006973
-407852 (base 10) to base 16
-6392c
What is -13a7956 (base 11) in base 15?
-32982b
What is -11022210200 (base 3) in base 11?
-58a79
Convert 1aacad (base 16) to base 6.
101245125
Convert 1ac4204 (base 13) to base 16.
87acd1
Convert -124434533 (base 6) to base 5.
-1112242134
What is -1714d (base 15) in base 2?
-10010001100110100
1212310 (base 5) to base 4
11210232
-12013012 (base 4) to base 11
-17895
2002010002120 (base 3) to base 6
35401240
28a778 (base 12) to base 2
10100110011111001100
What is -100001100110111001101 (base 2) in base 7?
-12234450
Convert -3d72b (base 16) to base 9.
-423226
Convert 230032031 (base 4) to base 10.
181133
What is -844937 (base 10) in base 14?
-17dcc9
50522353 (base 6) to base 14
2975a5
What is 11211012030 (base 4) in base 5?
333301133
What is -8b467 (base 12) in base 9?
-312467
What is -3325444 (base 7) in base 9?
-684511
Convert -16005377 (base 8) to base 11.
-20894a8
Convert 100000011011011001 (base 2) to base 3.
20202012110
What is -1035563 (base 7) in base 14?
-34333
What is -110111011010100 (base 2) in base 11?
-1a353
77d38 (base 16) to base 6
14304132
73725 (base 11) to base 8
321532
-312013102 (base 4) to base 11
-141590
-1335024 (base 7) to base 13
-6274b
-3501134 (base 6) to base 9
-302634
What is -1915 (base 14) in base 9?
-6180
Convert -2220504 (base 6) to base 4.
-123100120
101243330 (base 6) to base 12
703546
5121342 (base 6) to base 15
4c468
242046264 (base 7) to base 8
71373236
203041133 (base 5) to base 16
cad49
141485 (base 12) to base 3
121222102002
Convert -2440150 (base 6) to base 13.
-47034
What is 2a1d08 (base 14) in base 10?
1465108
24b046 (base 15) to base 16
1ad4e9
Convert -2201121020212 (base 3) to base 11.
-8aa488
Convert -2001333 (base 6) to base 5.
-10444112
Convert -13331023133 (base 4) to base 3.
-10220221220102
What is -373157 (base 11) in base 12?
-2453b4
Convert 122102110 (base 4) to base 16.
1a494
Convert -2223ed (base 15) to base 6.
-54515224
What is 68c912 (base 13) in base 16?
25e7b2
What is a264 (base 11) in base 13?
627b
121211202011 (base 3) to base 7
2550334
Convert 1b3a4 (base 13) to base 12.
26a75
What is -122370 (base 11) in base 4?
-233032123
-e653 (base 16) to base 8
-163123
-4970028 (base 10) to base 2
-10010111101011000101100
-163253464 (base 7) to base 12
-3877034
Convert -33759d (base 16) to base 12.
-1167791
What is 1005053 (base 6) in base 13?
18987
161122020 (base 7) to base 15
e4397c
What is -5612237 (base 8) in base 14?
-2b5355
What is 103557 (base 10) in base 15?
20a3c
What is -7556315 (base 8) in base 4?
-13231303031
12221 (base 7) to base 9
4345
What is 2062961 (base 11) in base 10?
3634786
Convert 3525141 (base 7) to base 8.
1542271
Convert 8a1217 (base 11) to base 16.
15eaf9
What is 102417 (base 8) in base 12?
17867
What is 11101001000000010000 (base 2) in base 6?
32242240
-101101100100011000101 (base 2) to base 12
-600145
33255 (base 14) to base 8
362053
What is 11000101000110011100101 (base 2) in base 13?
1451972
-10dc9 (base 16) to base 2
-10000110111001001
What is -425154 (base 7) in base 16?
-12069
Convert 20002212100 (base 3) to base 4.
131111322
What is 479b9a (ba